526580?
2
What is the hundred millions digit of 490249432?
4
What is the thousands digit of 635186444?
6
What is the units digit of 2493906787?
7
What is the millions digit of 1567417857?
7
What is the hundred millions digit of 3025797085?
0
What is the hundred millions digit of 3680547059?
6
What is the thousands digit of 7518735?
8
What is the millions digit of 281457642?
1
What is the ten thousands digit of 40591524?
9
What is the hundreds digit of 7573618762?
7
What is the hundreds digit of 339814055?
0
What is the ten thousands digit of 209466963?
6
What is the millions digit of 28690567?
8
What is the hundred thousands digit of 30809590?
8
What is the thousands digit of 9724774?
4
What is the ten millions digit of 2481863891?
8
What is the units digit of 147062324?
4
What is the ten millions digit of 108673256?
0
What is the ten millions digit of 11572197?
1
What is the millions digit of 141419330?
1
What is the thousands digit of 639772642?
2
What is the thousands digit of 156635540?
5
What is the tens digit of 1244948369?
6
What is the hundreds digit of 31215305?
3
What is the millions digit of 10932252?
0
What is the ten thousands digit of 947277620?
7
What is the ten millions digit of 1041334027?
4
What is the tens digit of 26884042?
4
What is the hundred millions digit of 489579737?
4
What is the tens digit of 1394058040?
4
What is the millions digit of 8336634?
8
What is the hundred millions digit of 164287312?
1
What is the ten millions digit of 1191135118?
9
What is the millions digit of 166284072?
6
What is the units digit of 17955093?
3
What is the ten thousands digit of 80037502?
3
What is the hundreds digit of 1960726702?
7
What is the hundred thousands digit of 240448180?
4
What is the ten millions digit of 1666661408?
6
What is the tens digit of 100583404?
0
What is the ten thousands digit of 58474889?
7
What is the ten thousands digit of 911259915?
5
What is the tens digit of 110526467?
6
What is the hundred thousands digit of 1233507271?
5
What is the ten millions digit of 14357988?
1
What is the hundreds digit of 28158823?
8
What is the ten thousands digit of 1643526189?
2
What is the thousands digit of 459583324?
3
What is the ten thousands digit of 1235600844?
0
What is the hundred thousands digit of 2474523118?
5
What is the hundred thousands digit of 247137955?
1
What is the hundreds digit of 87149824?
8
What is the tens digit of 182102063?
6
What is the hundreds digit of 687193821?
8
What is the ten millions digit of 3150910621?
5
What is the hundreds digit of 160350655?
6
What is the units digit of 260586833?
3
What is the hundred thousands digit of 4238374126?
3
What is the hundred millions digit of 191388038?
1
What is the units digit of 70574619?
9
What is the ten millions digit of 577966292?
7
What is the hundred thousands digit of 22465621?
4
What is the tens digit of 25910528?
2
What is the hundred thousands digit of 40746984?
7
What is the ten millions digit of 52153656?
5
What is the ten thousands digit of 34193568?
9
What is the hundred thousands digit of 32438838?
4
What is the millions digit of 2555925250?
5
What is the thousands digit of 2984038068?
8
What is the units digit of 11878253?
3
What is the thousands digit of 5938667505?
7
What is the millions digit of 6976768591?
6
What is the tens digit of 587906358?
5
What is the ten thousands digit of 1115377637?
7
What is the millions digit of 7279108300?
9
What is the millions digit of 8920921?
8
What is the millions digit of 341812445?
1
What is the thousands digit of 250005987?
5
What is the tens digit of 884499626?
2
What is the ten millions digit of 547137427?
4
What is the thousands digit of 253997146?
7
What is the thousands digit of 380116867?
6
What is the tens digit of 10210340?
4
What is the ten thousands digit of 150840941?
4
What is the millions digit of 461611190?
1
What is the ten millions digit of 410004060?
1
What is the ten thousands digit of 134919479?
1
What is the units digit of 3057088?
8
What is the tens digit of 1739942807?
0
What is the thousands digit of 397458531?
8
What is the ten millions digit of 1708238721?
0
What is the thousands digit of 887447805?
7
What is the ten thousands digit of 115379266?
7
What is the tens digit of 213446409?
0
What is the ten millions digit of 19491598?
1
What is the millions digit of 796587640?
6
What is the hundreds digit of 116925714?
7
What is the ten millions digit of 25952236?
2
What is the units digit of 234859864?
4
What is the ten thousands digit of 434531772?
3
What is the hundred millions digit of 214793838?
2
What is the ten millions digit of 5983422635?
8
What is the thousands digit of 1671993699?
3
What is the units digit of 45783159?
9
What is the tens digit of 102103365?
6
What is the ten millions digit of 413410192?
1
What is the hundreds digit of 4919421570?
5
What is the millions digit of 9934356406?
4
What is the units digit of 212289456?
6
What is the ten millions digit of 83449208?
8
What is the hundred thousands digit of 1915143845?
1
What is the tens digit of 671875031?
3
What is the thousands digit of 653835105?
5
What is the tens digit of 4188222460?
6
What is the hundred thousands digit of 642412059?
4
What is the ten thousands digit of 69822634?
2
What is the hundred thousands digit of 33991783?
9
What is the thousands digit of 237788888?
8
What is the hundreds digit of 1017279947?
9
What is the hundred thousands digit of 26422421?
4
What is the thousands digit of 210297960?
7
What is the hundred millions digit of 283425896?
2
What is the hundred thousands digit of 69553815?
5
What is the hundred millions digit of 5147517562?
1
What is the units digit of 5120320844?
4
What is the millions digit of 206714158?
6
What is the thousands digit of 4561492929?
2
What is the ten thousands digit of 994975263?
7
What is the ten thousands digit of 12961847?
6
What is the hundreds digit of 465378670?
6
What is the thousands digit of 232617037?
7
What is the ten thousands digit of 103422090?
2
What is the hundred millions digit of 672227313?
6
What is the units digit of 838941976?
6
What is the hundred millions digit of 377011706?
3
What is the tens digit of 486445606?
0
What is the hundred millions digit of 2371049037?
3
What is the hundreds digit of 6154360799?
7
What is the units digit of 40525614?
4
What is the ten thousands digit of 9293463?
9
What is the millions digit of 3216225477?
6
What is the hundred millions digit of 170674241?
1
What is the thousands digit of 1509768613?
8
What is the ten thousands digit of 151322902?
2
What is the units digit of 2443482351?
1
What is the ten millions digit of 68620124?
6
What is the millions digit of 156550558?
6
What is the hundreds digit of 1990476434?
4
What is the millions digit of 1369813936?
9
What is the billions digit of 6530323363?
6
What is the hundreds digit of 108019379?
3
What is the units digit of 2793246868?
8
What is the ten millions digit of 212035920?
1
What is the hundreds digit of 108341201?
2
What is the thousands digit of 743351545?
1
What is the hundred thousands digit of 400884571?
8
What is the hundreds digit of 26268379?
3
What is the hundred millions digit of 1431923295?
4
What is the billions digit of 1782728445?
1
What is the hundred thousands digit of 414802784?
8
What is the hundreds digit of 2666312090?
0
What is the millions digit of 532996021?
2
What is the thousands digit of 709652589?
2
What is the ten millions digit of 1509517103?
0
What is the millions digit of 5748153847?
8
What is the millions digit of 93433648?
3
What is the millions digit of 23481301?
3
What is the ten thousands digit of 186155105?
5
What is the tens digit of 379710165?
6
What is the ten millions digit of 2632008041?
3
What is the millions digit of 2464517887?
4
What is the thousands digit of 18009561?
9
What is the tens digit of 35764249?
4
What is the hundreds digit of 276710087?
0
What is the ten millions digit of 219435262?
1
What is the hundred thousands digit of 54068288?
0
What is the hundreds digit of 6352473234?
2
What is the ten millions digit of 198691762?
9
What is the hundreds digit of 13888027?
0
What is the tens digit of 4413200209?
0
What is the hundreds digit of 40163195?
1
What is the units digit of 86467